{"id":37,"date":"2020-07-25T21:50:34","date_gmt":"2020-07-25T21:50:34","guid":{"rendered":"https:\/\/fs21.com.br\/studiofs21\/?page_id=37"},"modified":"2020-08-07T16:32:37","modified_gmt":"2020-08-07T16:32:37","slug":"studio-fs21","status":"publish","type":"page","link":"https:\/\/fs21.com.br\/studiofs21\/studio-fs21\/","title":{"rendered":"Studio FS21"},"content":{"rendered":"\n<h2 class=\"has-vivid-cyan-blue-color has-text-color wp-block-heading\">Studio FS21 Personal Trainer<\/h2>\n\n\n\n<div style=\"height:20px\" aria-hidden=\"true\" class=\"wp-block-spacer\"><\/div>\n\n\n\n<p class=\"has-text-color has-drop-cap has-medium-font-size has-very-dark-gray-color\">O Studio FS21 Personal Trainer foi inaugurado em Junho de 2014 com foco total no treinamento f\u00edsico individualizado e com orienta\u00e7\u00e3o profissional.<\/p>\n\n\n\n<div style=\"height:20px\" aria-hidden=\"true\" class=\"wp-block-spacer\"><\/div>\n\n\n\n<p class=\"has-text-color has-medium-font-size has-very-dark-gray-color\">Com gest\u00e3o da FS21 Educa\u00e7\u00e3o F\u00edsica e Esporte, &nbsp; empresa&nbsp; localizada em Americana, 140km de S\u00e3o Paulo, que desenvolve projetos fitness e esportivos, os treinos do Studio FS21 Personal Trainer s\u00e3o destinados para um p\u00fablico diversificado como crian\u00e7as, adolescentes, adultos, atletas e idosos.<\/p>\n\n\n\n<div class=\"wp-block-image\"><figure class=\"aligncenter size-large is-resized\"><img fetchpriority=\"high\" decoding=\"async\" src=\"https:\/\/fs21.com.br\/studiofs21\/wp-content\/uploads\/2020\/08\/Design-sem-nome.png\" alt=\"\" class=\"wp-image-165\" width=\"427\" height=\"267\" srcset=\"https:\/\/fs21.com.br\/studiofs21\/wp-content\/uploads\/2020\/08\/Design-sem-nome.png 400w, https:\/\/fs21.com.br\/studiofs21\/wp-content\/uploads\/2020\/08\/Design-sem-nome-300x188.png 300w\" sizes=\"(max-width: 427px) 100vw, 427px\" \/><figcaption>A FS21 \u00e9 respons\u00e1vel pela gest\u00e3o do Studio em Americana-SP<br><\/figcaption><\/figure><\/div>\n\n\n\n<div style=\"height:20px\" aria-hidden=\"true\" class=\"wp-block-spacer\"><\/div>\n\n\n\n<p class=\"has-text-color has-medium-font-size has-very-dark-gray-color\">O atendimento completamente individualizado, inclui avalia\u00e7\u00f5es f\u00edsicas peri\u00f3dicas, prescri\u00e7\u00e3o, execu\u00e7\u00e3o e acompanhamento em todos os treinos, al\u00e9m de orienta\u00e7\u00f5es sobre sa\u00fade e alimenta\u00e7\u00e3o envolvendo o trabalho de outros profissionais parceiros.<\/p>\n\n\n\n<p class=\"has-text-color has-medium-font-size has-very-dark-gray-color\">Emagrecer \u00e9 o primeiro objeto da maioria das pessoas que procuram os treinos personalizados, seguido por outros objetivos como melhorar o condicionamento f\u00edsico, aumentar a massa muscular ou resolver problemas posturais, respirat\u00f3rios e outros que podem ser resolvidos ou amenizados com a pr\u00e1tica regular de exerc\u00edcios f\u00edsicos., condicionamento f\u00edsico alongamento, assessoria esportiva, emagrecimento, muscula\u00e7\u00e3o e treinamento funcional.&nbsp;<\/p>\n\n\n\n<p class=\"has-text-color has-medium-font-size has-very-dark-gray-color\">Seguindo o padr\u00e3o de qualidade FS21, o espa\u00e7o localizado no Bairro S\u00e3o Domingos, em Americana-SP,&nbsp; foi projetado para atender um n\u00famero limitado de alunos com hor\u00e1rios agendados e pre\u00e7os acess\u00edveis.&nbsp;&nbsp;&nbsp;<\/p>\n\n\n\n<p class=\"has-text-color has-medium-font-size has-very-dark-gray-color\">Al\u00e9m do atendimento personalizado por profissionais experientes e qualificados, o ambiente confort\u00e1vel, seguro e com equipamentos modernos,&nbsp; garante a privacidade e a satisfa\u00e7\u00e3o dos clientes durante os treinos.&nbsp;<\/p>\n\n\n\n<p><\/p>\n","protected":false},"excerpt":{"rendered":"<p>Studio FS21 Personal Trainer O Studio FS21 Personal Trainer foi inaugurado em Junho de 2014 com foco total no treinamento f\u00edsico individualizado e com orienta\u00e7\u00e3o profissional. Com gest\u00e3o da FS21 &#8230;<\/p>\n","protected":false},"author":1,"featured_media":38,"parent":0,"menu_order":0,"comment_status":"open","ping_status":"closed","template":"","meta":{"_monsterinsights_skip_tracking":false,"_monsterinsights_sitenote_active":false,"_monsterinsights_sitenote_note":"","_monsterinsights_sitenote_category":0,"footnotes":""},"class_list":["post-37","page","type-page","status-publish","has-post-thumbnail","hentry"],"_links":{"self":[{"href":"https:\/\/fs21.com.br\/studiofs21\/wp-json\/wp\/v2\/pages\/37","targetHints":{"allow":["GET"]}}],"collection":[{"href":"https:\/\/fs21.com.br\/studiofs21\/wp-json\/wp\/v2\/pages"}],"about":[{"href":"https:\/\/fs21.com.br\/studiofs21\/wp-json\/wp\/v2\/types\/page"}],"author":[{"embeddable":true,"href":"https:\/\/fs21.com.br\/studiofs21\/wp-json\/wp\/v2\/users\/1"}],"replies":[{"embeddable":true,"href":"https:\/\/fs21.com.br\/studiofs21\/wp-json\/wp\/v2\/comments?post=37"}],"version-history":[{"count":5,"href":"https:\/\/fs21.com.br\/studiofs21\/wp-json\/wp\/v2\/pages\/37\/revisions"}],"predecessor-version":[{"id":175,"href":"https:\/\/fs21.com.br\/studiofs21\/wp-json\/wp\/v2\/pages\/37\/revisions\/175"}],"wp:featuredmedia":[{"embeddable":true,"href":"https:\/\/fs21.com.br\/studiofs21\/wp-json\/wp\/v2\/media\/38"}],"wp:attachment":[{"href":"https:\/\/fs21.com.br\/studiofs21\/wp-json\/wp\/v2\/media?parent=37"}],"curies":[{"name":"wp","href":"https:\/\/api.w.org\/{rel}","templated":true}]}}